
9
Calculate the greatest common factor of 16 and 1616.
16
Calculate the greatest common divisor of 12353 and 11.
11
What is the greatest common factor of 102 and 527?
17
What is the greatest common divisor of 23 and 736?
23
What is the greatest common factor of 32 and 1312?
32
What is the highest common factor of 28 and 1876?
28
Calculate the greatest common divisor of 2134 and 194.
194
Calculate the greatest common divisor of 36 and 6246.
18
Calculate the highest common factor of 165 and 22.
11
What is the highest common divisor of 16385 and 113?
113
What is the greatest common factor of 8540 and 20?
20
What is the highest common divisor of 12 and 2796?
12
What is the highest common factor of 93 and 1023?
93
What is the highest common factor of 27 and 261?
9
What is the greatest common factor of 16 and 3048?
8
Calculate the greatest common factor of 627 and 38.
19
Calculate the greatest common divisor of 42 and 168.
42
Calculate the highest common factor of 6300 and 72.
36
What is the highest common factor of 81 and 9?
9
What is the greatest common factor of 46 and 2622?
46
What is the highest common divisor of 304 and 38?
38
Calculate the highest common divisor of 78 and 24.
6
Calculate the greatest common factor of 67 and 8978.
67
Calculate the greatest common divisor of 42 and 231.
21
What is the highest common divisor of 2277 and 891?
99
Calculate the greatest common factor of 6 and 582.
6
What is the highest common factor of 25 and 15?
5
Calculate the highest common divisor of 34 and 136.
34
What is the greatest common factor of 40 and 248?
8
What is the highest common divisor of 11 and 143?
11
What is the highest common divisor of 22 and 77?
11
What is the greatest common divisor of 4188 and 12?
12
What is the highest common factor of 5249 and 58?
29
What is the highest common factor of 190 and 836?
38
Calculate the highest common divisor of 25 and 75.
25
Calculate the greatest common divisor of 59 and 531.
59
Calculate the highest common factor of 80 and 1480.
40
Calculate the greatest common factor of 1122 and 4182.
102
Calculate the highest common divisor of 168 and 208.
8
What is the highest common factor of 280 and 200?
40
Calculate the greatest common factor of 3102 and 66.
66
What is the greatest common factor of 140 and 3850?
70
What is the highest common divisor of 62 and 17918?
62
What is the greatest common factor of 32 and 146?
2
What is the highest common factor of 14 and 238?
14
What is the highest common divisor of 305 and 15?
5
Calculate the highest common factor of 161 and 460.
23
Calculate the greatest common factor of 55 and 4.
1
What is the highest common factor of 1344 and 7?
7
Calculate the greatest common factor of 800 and 32.
32
What is the greatest common factor of 210 and 294?
42
Calculate the greatest common factor of 1062 and 54.
18
What is the highest common divisor of 309 and 34711?
103
What is the greatest common divisor of 1548 and 54?
18
Calculate the greatest common factor of 6984 and 72.
72
Calculate the highest common factor of 790 and 158.
158
Calculate the greatest common factor of 396 and 1012.
44
What is the highest common divisor of 91866 and 122?
122
Calculate the highest common divisor of 1943 and 469.
67
What is the greatest common divisor of 42 and 14?
14
Calculate the highest common divisor of 207 and 54.
9
Calculate the greatest common divisor of 144 and 256.
16
Calculate the greatest common factor of 46 and 851.
23
Calculate the highest common factor of 150 and 210.
30
What is the greatest common divisor of 40 and 112?
8
Calculate the greatest common divisor of 3318 and 42.
42
What is the highest common factor of 4094 and 890?
178
What is the greatest common factor of 116 and 8236?
116
Calculate the highest common divisor of 51 and 204.
51
What is the greatest common factor of 272 and 68?
68
Calculate the greatest common factor of 171 and 38.
19
What is the highest common factor of 465 and 405?
15
What is the highest common factor of 1267 and 1629?
181
Calculate the highest common divisor of 246 and 54.
6
Calculate the highest common divisor of 76 and 9994.
38
What is the highest common factor of 12067 and 88?
11
Calculate the greatest common factor of 1054 and 124.
62
What is the greatest common factor of 150 and 6075?
75
Calculate the greatest common factor of 126 and 189.
63
Calculate the highest common divisor of 101 and 1.
1
Calculate the highest common factor of 1456 and 56.
56
Calculate the highest common divisor of 10 and 26060.
10
What is the greatest common divisor of 207 and 162?
9
What is the highest common factor of 7910 and 560?
70
What is the highest common divisor of 754 and 117?
13
What is the greatest common factor of 1725 and 50?
25
What is the highest common factor of 10 and 14?
2
What is the greatest common factor of 1065 and 5?
5
What is the greatest common factor of 3500 and 80?
20
What is the highest common factor of 336 and 756?
84
Calculate the greatest common factor of 13583 and 47.
47
What is the highest common divisor of 634 and 10?
2
What is the highest common divisor of 63 and 27?
9
Calculate the highest common factor of 188 and 55742.
94
What is the highest common factor of 16 and 8?
8
What is the highest common divisor of 195 and 45?
15
Calculate the highest common factor of 36 and 11574.
18
What is the highest common factor of 198 and 18?
18
Calculate the highest common divisor of 32 and 16.
16
Calculate the greatest common divisor of 2461 and 107.
107
What is the highest common divisor of 384 and 12?
12
Calculate the highest common factor of 285 and 114.
57
What is the highest common divisor of 306 and 441?
9
What is the highest common divisor of 999 and 54?
27
What is the highest common divisor of 39 and 1196?
13
Calculate the greatest common divisor of 62 and 527.
31
What is the highest common factor of 48 and 312?
24
Calculate the greatest common divisor of 30 and 790.
10
Calculate the greatest common divisor of 19200 and 150.
150
What is the highest common factor of 28 and 64?
4
What is the highest common divisor of 1127 and 2415?
161
What is the greatest common divisor of 1550 and 62?
62
What is the greatest common divisor of 32 and 364?
4
Calculate the highest common divisor of 285 and 60.
15
What is the highest common factor of 15 and 1215?
15
Calculate the highest common factor of 700 and 42.
14
What is the greatest common factor of 182 and 78?
26
Calculate the highest common factor of 330 and 60.
30
Calculate the highest common divisor of 135 and 54.
27
What is the greatest common divisor of 192 and 12?
12
Calculate the highest common divisor of 16 and 6056.
8
Calculate the highest common divisor of 110 and 2540.
10
What is the greatest common divisor of 147 and 196?
49
Calculate the greatest common divisor of 560 and 80.
80
What is the highest common divisor of 10464 and 192?
96
What is the greatest common divisor of 84 and 1020?
12
Calculate the highest common divisor of 1 and 7.
1
Calculate the greatest common divisor of 33 and 15.
3
What is the greatest common factor of 30 and 2985?
15
What is the highest common factor of 19 and 2318?
19
What is the highest common divisor of 122 and 122?
122
What is the greatest common divisor of 44 and 1772?
4
What is the highest common factor of 64 and 928?
32
Calculate the greatest common factor of 8 and 308.
4
What is the highest common factor of 16 and 11360?
16
Calculate the greatest common factor of 360 and 6.
6
Calculate the greatest common factor of 1664 and 143.
13
What is the greatest common factor of 240 and 552?
24
What is the highest common divisor of 506 and 286?
22
What is the highest common factor of 150 and 200?
50
What is the greatest common divisor of 22 and 286?
22
Calculate the highest common divisor of 4 and 512.
4
Calculate the greatest common divisor of 54 and 81.
27
What is the greatest common factor of 51 and 39?
3
Calculate the greatest common factor of 3 and 3.
3
What is the greatest common divisor of 44 and 209?
11
What is the highest common factor of 1387 and 1241?
73
Calculate the greatest common factor of 100 and 1280.
20
Calculate the highest common divisor of 40784 and 16.
16
Calculate the highest common divisor of 84 and 1400.
28
Calculate the greatest common factor o